{"id":1298,"date":"2021-10-08T11:36:15","date_gmt":"2021-10-08T09:36:15","guid":{"rendered":"http:\/\/hillerschevilla.de\/netzwerkstatt-blog\/?page_id=1298"},"modified":"2023-09-07T09:53:23","modified_gmt":"2023-09-07T07:53:23","slug":"team","status":"publish","type":"page","link":"https:\/\/hillerschevilla.de\/netzwerkstatt-blog\/team\/","title":{"rendered":"TEAM"},"content":{"rendered":"\n<h2 class=\"wp-block-heading\">ZEIT\/GESCHICHTEN<\/h2>\n\n\n\n<div class=\"wp-block-media-text alignwide is-stacked-on-mobile is-vertically-aligned-center\" style=\"grid-template-columns:21% auto\"><figure class=\"wp-block-media-text__media\"><img decoding=\"async\" loading=\"lazy\" width=\"1024\" height=\"1024\" src=\"http:\/\/hillerschevilla.de\/netzwerkstatt-blog\/wp-content\/uploads\/2021\/10\/FelixPortraitQuadrat-1024x1024.jpg\" alt=\"\" class=\"wp-image-1320 size-full\" srcset=\"https:\/\/hillerschevilla.de\/netzwerkstatt-blog\/wp-content\/uploads\/2021\/10\/FelixPortraitQuadrat-1024x1024.jpg 1024w, https:\/\/hillerschevilla.de\/netzwerkstatt-blog\/wp-content\/uploads\/2021\/10\/FelixPortraitQuadrat-220x220.jpg 220w, https:\/\/hillerschevilla.de\/netzwerkstatt-blog\/wp-content\/uploads\/2021\/10\/FelixPortraitQuadrat-304x304.jpg 304w, https:\/\/hillerschevilla.de\/netzwerkstatt-blog\/wp-content\/uploads\/2021\/10\/FelixPortraitQuadrat-690x690.jpg 690w, https:\/\/hillerschevilla.de\/netzwerkstatt-blog\/wp-content\/uploads\/2021\/10\/FelixPortraitQuadrat-768x768.jpg 768w, https:\/\/hillerschevilla.de\/netzwerkstatt-blog\/wp-content\/uploads\/2021\/10\/FelixPortraitQuadrat-1536x1536.jpg 1536w, https:\/\/hillerschevilla.de\/netzwerkstatt-blog\/wp-content\/uploads\/2021\/10\/FelixPortraitQuadrat-2048x2048.jpg 2048w, https:\/\/hillerschevilla.de\/netzwerkstatt-blog\/wp-content\/uploads\/2021\/10\/FelixPortraitQuadrat-150x150.jpg 150w, https:\/\/hillerschevilla.de\/netzwerkstatt-blog\/wp-content\/uploads\/2021\/10\/FelixPortraitQuadrat-300x300.jpg 300w\" sizes=\"(max-width: 1024px) 100vw, 1024px\" \/><\/figure><div class=\"wp-block-media-text__content\">\n<p class=\"has-large-font-size\">Felix Pankonin<\/p>\n\n\n\n<p><em>Seit April 2021 leite ich die Netzwerkstatt, den Projektbereich f\u00fcr historisch-politische Bildung an der Hillerschen Villa in Zittau. Zuvor studierte ich Neuere und Neuste Geschichte sowie Philosophie an der Universit\u00e4t Leipzig. Ebenda arbeitete ich am Leibniz-Institut f\u00fcr j\u00fcdische Geschichte und Kultur \u2013 Simon Dubnow. In der Arbeit f\u00fcr die Netzwerkstatt verbindet sich mein Interesse f\u00fcr j\u00fcdische Geschichte mit meinem Engagement f\u00fcr die demokratische Verfasstheit unserer Gesellschaft. Wie in der Erforschung der j\u00fcdischen Geschichte und Kultur ist meines Erachtens auch im Dreil\u00e4ndereck die multidirektionale Erinnerung wesentliche Voraussetzung einer Aneignung der im Wortsinne europ\u00e4ischen Geschichte der Region. Ich bin \u00fcberzeugt, dass vor allem die Vielfalt der Perspektiven auf die Geschichte Bedingung ihrer integrativen Funktion f\u00fcr unsere plurale und demokratische Gesellschaft ist.<\/em><br>E-Mail: f.pankonin@hillerschevilla.de<\/p>\n<\/div><\/div>\n\n\n\n<div class=\"wp-block-media-text alignwide has-media-on-the-right is-stacked-on-mobile\" style=\"grid-template-columns:auto 15%\"><div class=\"wp-block-media-text__content\">\n<p class=\"has-large-font-size\">Lauren Leiderman<\/p>\n\n\n\n<p><em>Lauren ist eine unerm\u00fcdliche Bewahrerin der j\u00fcdischen Geschichte in G\u00f6rlitz und der Region. Durch ihre Arbeit hat sie mehr als 100 j\u00fcdische Nachkommen aus der ganzen Welt miteinander verbunden.<br>Im Jahr 2021 wurde Lauren zur Autorin, nachdem der Verlag Hentrich und Hentrich &#8222;Das Poesiealbum der Eva Goldberg&#8220; ver\u00f6ffentlicht hatte &#8211; eine Zusammenstellung der Recherchen, die Lauren \u00fcber Eva Goldberg angestellt hatte. Mit ihrer Methode des &#8222;Menschenfindens&#8220; gelang es ihr, die Geschichten und Fotos vieler Unterzeichnerinnen und Unterzeichner von Eva Goldbergs Buch zu finden &#8211; darunter auch Anne Frank. Es wurde in drei Sprachen ver\u00f6ffentlicht: Polnisch, Englisch und Deutsch.<br>Im November 2021 organisierte Lauren die erste j\u00fcdische Gedenkwoche in G\u00f6rlitz. Lauren ist Mitarbeiterin der Hillerschen Villa gGmbH in Zittau, Deutschland, wo sie zum Team der Netzwerkstatt geh\u00f6rt. Sie arbeitet als P\u00e4dagogin und Expertin f\u00fcr j\u00fcdische Geschichte in der Region.<br>Lauren ist ein stolzes Mitglied einer j\u00fcdischen Familie. In ihrer Freizeit geht Lauren gerne auf Pilzsuche, backt, reist (vor allem nach Israel), spielt Klavier und verbringt Zeit mit ihrer Familie: Mark, Aidan, Abital und Zwergschnauzer Tallulah.<\/em><\/p>\n\n\n\n<p><br>E-Mail: l.leiderman@hillerschevilla.de<\/p>\n\n\n\n<p><\/p>\n\n\n\n<p><\/p>\n<\/div><figure class=\"wp-block-media-text__media\"><img decoding=\"async\" loading=\"lazy\" width=\"202\" height=\"304\" src=\"http:\/\/hillerschevilla.de\/netzwerkstatt-blog\/wp-content\/uploads\/2023\/01\/595D5B7C-6D8D-4CEF-9E1E-CD6824B744B6-202x304.jpeg\" alt=\"\" class=\"wp-image-2020 size-full\" srcset=\"https:\/\/hillerschevilla.de\/netzwerkstatt-blog\/wp-content\/uploads\/2023\/01\/595D5B7C-6D8D-4CEF-9E1E-CD6824B744B6-202x304.jpeg 202w, https:\/\/hillerschevilla.de\/netzwerkstatt-blog\/wp-content\/uploads\/2023\/01\/595D5B7C-6D8D-4CEF-9E1E-CD6824B744B6-146x220.jpeg 146w, https:\/\/hillerschevilla.de\/netzwerkstatt-blog\/wp-content\/uploads\/2023\/01\/595D5B7C-6D8D-4CEF-9E1E-CD6824B744B6-459x690.jpeg 459w, https:\/\/hillerschevilla.de\/netzwerkstatt-blog\/wp-content\/uploads\/2023\/01\/595D5B7C-6D8D-4CEF-9E1E-CD6824B744B6-768x1155.jpeg 768w, https:\/\/hillerschevilla.de\/netzwerkstatt-blog\/wp-content\/uploads\/2023\/01\/595D5B7C-6D8D-4CEF-9E1E-CD6824B744B6-1022x1536.jpeg 1022w, https:\/\/hillerschevilla.de\/netzwerkstatt-blog\/wp-content\/uploads\/2023\/01\/595D5B7C-6D8D-4CEF-9E1E-CD6824B744B6-1362x2048.jpeg 1362w, https:\/\/hillerschevilla.de\/netzwerkstatt-blog\/wp-content\/uploads\/2023\/01\/595D5B7C-6D8D-4CEF-9E1E-CD6824B744B6-100x150.jpeg 100w, https:\/\/hillerschevilla.de\/netzwerkstatt-blog\/wp-content\/uploads\/2023\/01\/595D5B7C-6D8D-4CEF-9E1E-CD6824B744B6.jpeg 1663w\" sizes=\"(max-width: 202px) 100vw, 202px\" \/><\/figure><\/div>\n\n\n\n<p><\/p>\n\n\n\n<div style=\"height:2px\" aria-hidden=\"true\" class=\"wp-block-spacer\"><\/div>\n\n\n\n<div class=\"wp-block-media-text alignwide is-stacked-on-mobile\" style=\"grid-template-columns:15% auto\"><figure class=\"wp-block-media-text__media\"><img decoding=\"async\" loading=\"lazy\" width=\"768\" height=\"1024\" src=\"http:\/\/hillerschevilla.de\/netzwerkstatt-blog\/wp-content\/uploads\/2021\/10\/Passbild-Patrick-big_Hannes-Roensch-768x1024.jpg\" alt=\"\" class=\"wp-image-1319 size-full\" srcset=\"https:\/\/hillerschevilla.de\/netzwerkstatt-blog\/wp-content\/uploads\/2021\/10\/Passbild-Patrick-big_Hannes-Roensch-768x1024.jpg 768w, https:\/\/hillerschevilla.de\/netzwerkstatt-blog\/wp-content\/uploads\/2021\/10\/Passbild-Patrick-big_Hannes-Roensch-165x220.jpg 165w, https:\/\/hillerschevilla.de\/netzwerkstatt-blog\/wp-content\/uploads\/2021\/10\/Passbild-Patrick-big_Hannes-Roensch-228x304.jpg 228w, https:\/\/hillerschevilla.de\/netzwerkstatt-blog\/wp-content\/uploads\/2021\/10\/Passbild-Patrick-big_Hannes-Roensch-518x690.jpg 518w, https:\/\/hillerschevilla.de\/netzwerkstatt-blog\/wp-content\/uploads\/2021\/10\/Passbild-Patrick-big_Hannes-Roensch-1152x1536.jpg 1152w, https:\/\/hillerschevilla.de\/netzwerkstatt-blog\/wp-content\/uploads\/2021\/10\/Passbild-Patrick-big_Hannes-Roensch-1536x2048.jpg 1536w, https:\/\/hillerschevilla.de\/netzwerkstatt-blog\/wp-content\/uploads\/2021\/10\/Passbild-Patrick-big_Hannes-Roensch-113x150.jpg 113w, https:\/\/hillerschevilla.de\/netzwerkstatt-blog\/wp-content\/uploads\/2021\/10\/Passbild-Patrick-big_Hannes-Roensch-225x300.jpg 225w, https:\/\/hillerschevilla.de\/netzwerkstatt-blog\/wp-content\/uploads\/2021\/10\/Passbild-Patrick-big_Hannes-Roensch-scaled.jpg 1920w\" sizes=\"(max-width: 768px) 100vw, 768px\" \/><\/figure><div class=\"wp-block-media-text__content\">\n<p class=\"has-large-font-size\">Patrick Wei\u00dfig<\/p>\n\n\n\n<p><em>Seit 2013 bin ich nun schon im Netzwerkstatt-Team &#8211; mir gef\u00e4llt hier vor allem unsere Arbeit mit unserer Dreil\u00e4nderecksregion &#8211; Menschen, Themen, Orte &#8211; wir entdecken und besprechen Inhalte neu, in unterschiedlichsten Formen und Formaten der Soziokultur, es wird nie langweilig.<\/em> Foto: Hannes R\u00f6nsch<br>E-Mail: p.weissig@hillerschevilla.de<\/p>\n<\/div><\/div>\n\n\n\n<div style=\"height:20px\" aria-hidden=\"true\" class=\"wp-block-spacer\"><\/div>\n\n\n\n<h2 class=\"wp-block-heading\">Partnerschaft f\u00fcr Demokratie<\/h2>\n\n\n\n<div style=\"height:1px\" aria-hidden=\"true\" class=\"wp-block-spacer\"><\/div>\n\n\n\n<div class=\"wp-block-media-text alignwide is-stacked-on-mobile\"><figure class=\"wp-block-media-text__media\"><\/figure><div class=\"wp-block-media-text__content\">\n<p class=\"has-large-font-size\">Anne Kn\u00fcvener<\/p>\n\n\n\n<p><em>Mein Arbeitsbereich ist die Partnerschaft f\u00fcr Demokratie der Stadt Zittau. Das F\u00f6rderprogramm f\u00fcr Vielfalt und Demokratie lebt stark von der Mitwirkung der Zivilgesellschaft vor Ort. Die Arbeit mit den vielen spannenden und engagierten Menschen motiviert mich und ich habe das Gef\u00fchl, dass wir gemeinsam wirklich etwas f\u00fcr unsere sch\u00f6ne Stadt bewegen k\u00f6nnen.<\/em><br>E-Mail: a.knuevener@hillerschevilla.de<\/p>\n<\/div><\/div>\n\n\n\n<div style=\"height:2px\" aria-hidden=\"true\" class=\"wp-block-spacer\"><\/div>\n\n\n\n<div class=\"wp-block-media-text alignwide is-stacked-on-mobile\" style=\"grid-template-columns:22% auto\"><figure class=\"wp-block-media-text__media\"><img decoding=\"async\" loading=\"lazy\" width=\"197\" height=\"304\" src=\"http:\/\/hillerschevilla.de\/netzwerkstatt-blog\/wp-content\/uploads\/2023\/06\/ca0e3c01-0a5a-440f-8a53-c43a37f3b924-197x304.jpg\" alt=\"\" class=\"wp-image-2296 size-full\" srcset=\"https:\/\/hillerschevilla.de\/netzwerkstatt-blog\/wp-content\/uploads\/2023\/06\/ca0e3c01-0a5a-440f-8a53-c43a37f3b924-197x304.jpg 197w, https:\/\/hillerschevilla.de\/netzwerkstatt-blog\/wp-content\/uploads\/2023\/06\/ca0e3c01-0a5a-440f-8a53-c43a37f3b924-142x220.jpg 142w, https:\/\/hillerschevilla.de\/netzwerkstatt-blog\/wp-content\/uploads\/2023\/06\/ca0e3c01-0a5a-440f-8a53-c43a37f3b924-447x690.jpg 447w, https:\/\/hillerschevilla.de\/netzwerkstatt-blog\/wp-content\/uploads\/2023\/06\/ca0e3c01-0a5a-440f-8a53-c43a37f3b924-768x1186.jpg 768w, https:\/\/hillerschevilla.de\/netzwerkstatt-blog\/wp-content\/uploads\/2023\/06\/ca0e3c01-0a5a-440f-8a53-c43a37f3b924-97x150.jpg 97w, https:\/\/hillerschevilla.de\/netzwerkstatt-blog\/wp-content\/uploads\/2023\/06\/ca0e3c01-0a5a-440f-8a53-c43a37f3b924.jpg 829w\" sizes=\"(max-width: 197px) 100vw, 197px\" \/><\/figure><div class=\"wp-block-media-text__content\">\n<p class=\"has-large-font-size\">Maria Stein<\/p>\n\n\n\n<p>Seit Anfang 2023 bin ich Teil des Netzwerkstatt-Teams. Mein Einsatzschwerpunkt liegt jedoch in G\u00f6rlitz, wo ich in der Partnerschaft f\u00fcr Demokratie t\u00e4tig bin. Mit der F\u00f6rderung des Bundesprogramms \u201eDemokratie leben!\u201c lassen sich demokratief\u00f6rdernde Projekte und solche, die sich gegen gruppenbezogene Menschenfeindlichkeit richten, umsetzen. In enger Zusammenarbeit mit lokalen Akteur*innen aus Zivilgesellschaft, Vereinen und Netzwerken kann ich dazu beitragen, dass unsere Stadt vielf\u00e4ltig bleibt. Einmal pro Woche treffe ich mein Team in Zittau, nutze unsere Schwarmintelligenz und lasse mich von den Berichten und spannenden Vorhaben meiner Kolleg*innen inspirieren.<\/p>\n\n\n\n<p><br>E-Mail: m.stein@hillerschevilla.de<\/p>\n<\/div><\/div>\n\n\n\n<div style=\"height:21px\" aria-hidden=\"true\" class=\"wp-block-spacer\"><\/div>\n\n\n\n<h2 class=\"wp-block-heading\">Freiwilliges Soziales Jahr Politik<\/h2>\n\n\n\n<p class=\"has-text-align-center\"><\/p>\n\n\n\n<div class=\"wp-block-media-text alignwide is-stacked-on-mobile\" style=\"grid-template-columns:15% auto\"><figure class=\"wp-block-media-text__media\"><img decoding=\"async\" loading=\"lazy\" width=\"300\" height=\"300\" src=\"http:\/\/hillerschevilla.de\/netzwerkstatt-blog\/wp-content\/uploads\/2023\/09\/strichmaennchen.png\" alt=\"\" class=\"wp-image-2372 size-full\" srcset=\"https:\/\/hillerschevilla.de\/netzwerkstatt-blog\/wp-content\/uploads\/2023\/09\/strichmaennchen.png 300w, https:\/\/hillerschevilla.de\/netzwerkstatt-blog\/wp-content\/uploads\/2023\/09\/strichmaennchen-220x220.png 220w, https:\/\/hillerschevilla.de\/netzwerkstatt-blog\/wp-content\/uploads\/2023\/09\/strichmaennchen-150x150.png 150w\" sizes=\"(max-width: 300px) 100vw, 300px\" \/><\/figure><div class=\"wp-block-media-text__content\">\n<p class=\"has-large-font-size\">23\/24 Finn Machemehl<\/p>\n\n\n\n<p class=\"has-text-align-left\" style=\"font-size:14px\"> Finn hat im September 2023 in der Netzwerkstatt begonnen. Er ist in Zittau aufgewachsen und m\u00f6chte sich f\u00fcr eine aufgeschlossene und tolerante Gesellschaft einsetzen. Gerade die M\u00f6glichkeiten sowohl hinter die Kulissen politischer Aktionen zu schauen, als auch Politik selbst zu gestalten, haben ihn veranlasst, sich f\u00fcr ein FSJ mit dem Schwerpunkt Politik zu entscheiden.<\/p>\n<\/div><\/div>\n\n\n\n<div style=\"height:0px\" aria-hidden=\"true\" class=\"wp-block-spacer\"><\/div>\n\n\n\n<div class=\"wp-block-media-text alignwide is-stacked-on-mobile\" style=\"grid-template-columns:15% auto\"><figure class=\"wp-block-media-text__media\"><img decoding=\"async\" loading=\"lazy\" width=\"228\" height=\"304\" src=\"http:\/\/hillerschevilla.de\/netzwerkstatt-blog\/wp-content\/uploads\/2022\/12\/Alex-W-228x304.jpg\" alt=\"\" class=\"wp-image-2007 size-full\" srcset=\"https:\/\/hillerschevilla.de\/netzwerkstatt-blog\/wp-content\/uploads\/2022\/12\/Alex-W-228x304.jpg 228w, https:\/\/hillerschevilla.de\/netzwerkstatt-blog\/wp-content\/uploads\/2022\/12\/Alex-W-165x220.jpg 165w, https:\/\/hillerschevilla.de\/netzwerkstatt-blog\/wp-content\/uploads\/2022\/12\/Alex-W-518x690.jpg 518w, https:\/\/hillerschevilla.de\/netzwerkstatt-blog\/wp-content\/uploads\/2022\/12\/Alex-W-768x1024.jpg 768w, https:\/\/hillerschevilla.de\/netzwerkstatt-blog\/wp-content\/uploads\/2022\/12\/Alex-W-1152x1536.jpg 1152w, https:\/\/hillerschevilla.de\/netzwerkstatt-blog\/wp-content\/uploads\/2022\/12\/Alex-W-1536x2048.jpg 1536w, https:\/\/hillerschevilla.de\/netzwerkstatt-blog\/wp-content\/uploads\/2022\/12\/Alex-W-113x150.jpg 113w, https:\/\/hillerschevilla.de\/netzwerkstatt-blog\/wp-content\/uploads\/2022\/12\/Alex-W-scaled.jpg 1920w\" sizes=\"(max-width: 228px) 100vw, 228px\" \/><\/figure><div class=\"wp-block-media-text__content\">\n<p class=\"has-large-font-size\">22\/23 Alexander Wirthgen<\/p>\n\n\n\n<p>Nach dem bestandenen Abitur hat sich Alexander, welcher in einem kleinen Dorf in der N\u00e4he von Zittau aufgewachsen ist, dazu entschieden, ein Freiwilliges Soziales Jahr im Bereich Politik bei der Netzwerkstatt zu machen. Dieses eine Jahr m\u00f6chte er nutzen, um so viele Erfahrungen und Eindr\u00fccke nachhaltig zu sammeln, wie m\u00f6glich.<\/p>\n<\/div><\/div>\n\n\n\n<div class=\"wp-block-media-text alignwide is-stacked-on-mobile\" style=\"grid-template-columns:15% auto\"><figure class=\"wp-block-media-text__media\"><img decoding=\"async\" loading=\"lazy\" width=\"300\" height=\"300\" src=\"http:\/\/hillerschevilla.de\/netzwerkstatt-blog\/wp-content\/uploads\/2021\/10\/cora.png\" alt=\"\" class=\"wp-image-1325 size-full\" srcset=\"https:\/\/hillerschevilla.de\/netzwerkstatt-blog\/wp-content\/uploads\/2021\/10\/cora.png 300w, https:\/\/hillerschevilla.de\/netzwerkstatt-blog\/wp-content\/uploads\/2021\/10\/cora-220x220.png 220w, https:\/\/hillerschevilla.de\/netzwerkstatt-blog\/wp-content\/uploads\/2021\/10\/cora-150x150.png 150w\" sizes=\"(max-width: 300px) 100vw, 300px\" \/><\/figure><div class=\"wp-block-media-text__content\">\n<p class=\"has-large-font-size\">21\/22 Tobias Sickert<\/p>\n\n\n\n<p>Tobias ist in der N\u00e4he von Dresden aufgewachsen. Er hat 2021 sein Abitur in Dresden bestanden und macht nun mit 19 Jahren sein Freiwilliges Soziales Jahr im Bereich Politik bei der NETZWERKSTATT. <br>E-Mail: t.sickert@hillerschevilla.de<\/p>\n<\/div><\/div>\n\n\n\n<div style=\"height:2px\" aria-hidden=\"true\" class=\"wp-block-spacer\"><\/div>\n\n\n\n<div class=\"wp-block-media-text alignwide is-stacked-on-mobile\" style=\"grid-template-columns:15% auto\"><figure class=\"wp-block-media-text__media\"><img decoding=\"async\" loading=\"lazy\" width=\"300\" height=\"300\" src=\"http:\/\/hillerschevilla.de\/netzwerkstatt-blog\/wp-content\/uploads\/2021\/10\/cora.png\" alt=\"\" class=\"wp-image-1325 size-full\" srcset=\"https:\/\/hillerschevilla.de\/netzwerkstatt-blog\/wp-content\/uploads\/2021\/10\/cora.png 300w, https:\/\/hillerschevilla.de\/netzwerkstatt-blog\/wp-content\/uploads\/2021\/10\/cora-220x220.png 220w, https:\/\/hillerschevilla.de\/netzwerkstatt-blog\/wp-content\/uploads\/2021\/10\/cora-150x150.png 150w\" sizes=\"(max-width: 300px) 100vw, 300px\" \/><\/figure><div class=\"wp-block-media-text__content\">\n<p class=\"has-large-font-size\">20\/21 Anna Hilbert<\/p>\n\n\n\n<p>.<\/p>\n<\/div><\/div>\n\n\n\n<div style=\"height:2px\" aria-hidden=\"true\" class=\"wp-block-spacer\"><\/div>\n\n\n\n<div class=\"wp-block-media-text alignwide is-stacked-on-mobile\" style=\"grid-template-columns:15% auto\"><figure class=\"wp-block-media-text__media\"><img decoding=\"async\" loading=\"lazy\" width=\"277\" height=\"300\" src=\"http:\/\/hillerschevilla.de\/netzwerkstatt-blog\/wp-content\/uploads\/2021\/10\/moritz.jpg\" alt=\"\" class=\"wp-image-1327 size-full\" srcset=\"https:\/\/hillerschevilla.de\/netzwerkstatt-blog\/wp-content\/uploads\/2021\/10\/moritz.jpg 277w, https:\/\/hillerschevilla.de\/netzwerkstatt-blog\/wp-content\/uploads\/2021\/10\/moritz-203x220.jpg 203w, https:\/\/hillerschevilla.de\/netzwerkstatt-blog\/wp-content\/uploads\/2021\/10\/moritz-139x150.jpg 139w\" sizes=\"(max-width: 277px) 100vw, 277px\" \/><\/figure><div class=\"wp-block-media-text__content\">\n<p class=\"has-large-font-size\">19\/20 Moritz Friedemann<\/p>\n\n\n\n<p>Moritz ist seit September 2019 Teil des Netzwerkstatt-Teams. Er kommt aus einem Dorf in der N\u00e4he von Leipzig. Da er sich noch nicht sicher war, was er mit seinem abgeschlossenen Abitur anstellen sollte, nutze er die Chance ein Soziales Jahr zu machen und stie\u00df durch die S\u00e4chsische Jugendstiftung auf die Hillersche Villa und dessen Netzwerkstatt.<\/p>\n<\/div><\/div>\n\n\n\n<div style=\"height:2px\" aria-hidden=\"true\" class=\"wp-block-spacer\"><\/div>\n\n\n\n<div class=\"wp-block-media-text alignwide is-stacked-on-mobile\" style=\"grid-template-columns:15% auto\"><figure class=\"wp-block-media-text__media\"><img decoding=\"async\" loading=\"lazy\" width=\"181\" height=\"300\" src=\"http:\/\/hillerschevilla.de\/netzwerkstatt-blog\/wp-content\/uploads\/2021\/10\/neele.jpg\" alt=\"\" class=\"wp-image-1324 size-full\" srcset=\"https:\/\/hillerschevilla.de\/netzwerkstatt-blog\/wp-content\/uploads\/2021\/10\/neele.jpg 181w, https:\/\/hillerschevilla.de\/netzwerkstatt-blog\/wp-content\/uploads\/2021\/10\/neele-133x220.jpg 133w, https:\/\/hillerschevilla.de\/netzwerkstatt-blog\/wp-content\/uploads\/2021\/10\/neele-91x150.jpg 91w\" sizes=\"(max-width: 181px) 100vw, 181px\" \/><\/figure><div class=\"wp-block-media-text__content\">\n<p class=\"has-large-font-size\">18\/19 Neele Polke<\/p>\n\n\n\n<p>Neele hat im September 2018 ihr FSJ Politik im Team der Netzwerkstatt begonnen. Zuvor hat sie im Juni 2018 ihr Fachabitur in Richtung Wirtschaft und Verwaltung in Zittau abgeschlossen. Sie m\u00f6chte in ihrem freiwilligen Jahr Erfahrungen und Eindr\u00fccke sammeln, die ihr auf ihrem weiteren Berufsweg helfen k\u00f6nnen.<\/p>\n<\/div><\/div>\n\n\n\n<div style=\"height:2px\" aria-hidden=\"true\" class=\"wp-block-spacer\"><\/div>\n\n\n\n<div class=\"wp-block-media-text alignwide is-stacked-on-mobile\" style=\"grid-template-columns:15% auto\"><figure class=\"wp-block-media-text__media\"><img decoding=\"async\" loading=\"lazy\" width=\"300\" height=\"300\" src=\"http:\/\/hillerschevilla.de\/netzwerkstatt-blog\/wp-content\/uploads\/2021\/10\/cora.png\" alt=\"\" class=\"wp-image-1325 size-full\" srcset=\"https:\/\/hillerschevilla.de\/netzwerkstatt-blog\/wp-content\/uploads\/2021\/10\/cora.png 300w, https:\/\/hillerschevilla.de\/netzwerkstatt-blog\/wp-content\/uploads\/2021\/10\/cora-220x220.png 220w, https:\/\/hillerschevilla.de\/netzwerkstatt-blog\/wp-content\/uploads\/2021\/10\/cora-150x150.png 150w\" sizes=\"(max-width: 300px) 100vw, 300px\" \/><\/figure><div class=\"wp-block-media-text__content\">\n<p class=\"has-large-font-size\">17\/18 Cora He\u00df<\/p>\n\n\n\n<p>Cora hat ihr FSJ im September 2017 bei der Netzwerkstatt begonnen. In diesem Jahr m\u00f6chte sie sich in Projekten zu politischer Bildung und Aufkl\u00e4rung f\u00fcr Demokratie engagieren und hat diesen Weg gew\u00e4hlt, um so vielen Menschen wie m\u00f6glich den Wert unserer freien, toleranten und demokratischen Gesellschaft immer wieder neu ins Bewusstsein zu rufen. Sie kommt aus einem kleinen Dorf in der Oberlausitz und hat ihr Abitur in Niesky bestanden.<\/p>\n<\/div><\/div>\n\n\n\n<div style=\"height:2px\" aria-hidden=\"true\" class=\"wp-block-spacer\"><\/div>\n\n\n\n<div class=\"wp-block-media-text alignwide is-stacked-on-mobile\" style=\"grid-template-columns:15% auto\"><figure class=\"wp-block-media-text__media\"><img decoding=\"async\" loading=\"lazy\" width=\"200\" height=\"300\" src=\"http:\/\/hillerschevilla.de\/netzwerkstatt-blog\/wp-content\/uploads\/2021\/10\/maximilian.jpg\" alt=\"\" class=\"wp-image-1326 size-full\" srcset=\"https:\/\/hillerschevilla.de\/netzwerkstatt-blog\/wp-content\/uploads\/2021\/10\/maximilian.jpg 200w, https:\/\/hillerschevilla.de\/netzwerkstatt-blog\/wp-content\/uploads\/2021\/10\/maximilian-147x220.jpg 147w, https:\/\/hillerschevilla.de\/netzwerkstatt-blog\/wp-content\/uploads\/2021\/10\/maximilian-100x150.jpg 100w\" sizes=\"(max-width: 200px) 100vw, 200px\" \/><\/figure><div class=\"wp-block-media-text__content\">\n<p class=\"has-large-font-size\">16\/17 Maximilian Franke<\/p>\n\n\n\n<p>Maximilian kommt urspr\u00fcnglich aus Dresden und absolviert nun sein FSJ-Politik bei der Netzwerkstatt. Er hat sich f\u00fcr dieses Jahr entschieden, um sich \u00fcber seine berufliche Zukunft klarer werden zu k\u00f6nnen. Bereits in der Schule hat er sich f\u00fcr Geschichte und Politik interessiert, weshalb die Ausrichtung Politik genau das Richtige f\u00fcr ihn ist.<\/p>\n<\/div><\/div>\n","protected":false},"excerpt":{"rendered":"<p>ZEIT\/GESCHICHTEN Felix Pankonin Seit April 2021 leite ich die Netzwerkstatt, den Projektbereich f\u00fcr historisch-politische Bildung an der Hillerschen Villa in Zittau. Zuvor studierte ich Neuere und Neuste Geschichte sowie Philosophie an der Universit\u00e4t Leipzig. Ebenda arbeitete ich am Leibniz-Institut f\u00fcr j\u00fcdische Geschichte und Kultur \u2013 Simon Dubnow. In der Arbeit f\u00fcr die Netzwerkstatt verbindet sich<\/p>\n","protected":false},"author":1,"featured_media":0,"parent":0,"menu_order":0,"comment_status":"closed","ping_status":"closed","template":"","meta":{"_themeisle_gutenberg_block_has_review":false,"footnotes":""},"_links":{"self":[{"href":"https:\/\/hillerschevilla.de\/netzwerkstatt-blog\/wp-json\/wp\/v2\/pages\/1298"}],"collection":[{"href":"https:\/\/hillerschevilla.de\/netzwerkstatt-blog\/wp-json\/wp\/v2\/pages"}],"about":[{"href":"https:\/\/hillerschevilla.de\/netzwerkstatt-blog\/wp-json\/wp\/v2\/types\/page"}],"author":[{"embeddable":true,"href":"https:\/\/hillerschevilla.de\/netzwerkstatt-blog\/wp-json\/wp\/v2\/users\/1"}],"replies":[{"embeddable":true,"href":"https:\/\/hillerschevilla.de\/netzwerkstatt-blog\/wp-json\/wp\/v2\/comments?post=1298"}],"version-history":[{"count":9,"href":"https:\/\/hillerschevilla.de\/netzwerkstatt-blog\/wp-json\/wp\/v2\/pages\/1298\/revisions"}],"predecessor-version":[{"id":2378,"href":"https:\/\/hillerschevilla.de\/netzwerkstatt-blog\/wp-json\/wp\/v2\/pages\/1298\/revisions\/2378"}],"wp:attachment":[{"href":"https:\/\/hillerschevilla.de\/netzwerkstatt-blog\/wp-json\/wp\/v2\/media?parent=1298"}],"curies":[{"name":"wp","href":"https:\/\/api.w.org\/{rel}","templated":true}]}}